6*k + k = -3. List the prime factors of g.
11
Let f = 30 - 22. List the prime factors of f.
2
Suppose 3*w - 5*o = 11, -5*o = 3*w - o - 2. Suppose 0 = -w*g - g + 114. What are the prime factors of g?
2, 19
Let p = 13 - -3. What are the prime factors of p?
2
Let p(w) = w**3 + 13*w**2 - 10*w + 7. What are the prime factors of p(-13)?
137
Suppose -c - 5 = -2*c, -5*u = 5*c - 70. What are the prime factors of u?
3
Suppose x - 131 + 35 = 0. What are the prime factors of x?
2, 3
Suppose 4*i = 5*o - 0*i - 1270, -1230 = -5*o - 4*i. List the prime factors of o.
2, 5
Let c(n) = 12*n - 7. Let o be c(5). Suppose -o = -3*j + 5*u, 5*j - 115 = -6*u + u. List the prime factors of j.
3, 7
Suppose -m = -h - 1, 4*m + 65 = -5*h + 24. Let r(j) = -j**3 - 6*j**2 - 7*j - 3. What are the prime factors of r(h)?
7
Let d(w) = w**2 + 8*w - 6. Let q be d(-9). Suppose 0 = 4*z - u + q*u - 104, z - u - 23 = 0. What are the prime factors of z?
5
Let r = 7 - 0. Let q(h) be the first derivative of -h**4/4 + 8*h**3/3 - 5*h**2/2 - 3*h + 4. What are the prime factors of q(r)?
11
Let l(d) = 9*d + 9. What are the prime factors of l(5)?
2, 3
Let p(i) = i**2 - 4*i + 6. Let h(x) = -x**3 + 5*x**2 + 6*x + 5. Let f be h(6). What are the prime factors of p(f)?
11
Let p(j) = -j - 3. Let f be p(-6). Let s be 11/2*18/f. Suppose -s = -2*n - n. List the prime factors of n.
11
Let g(s) = s - 1. Let r(k) = -k**2 - k + 19. Let t(j) = g(j) + r(j). Let y be t(0). Suppose -z + 2 = 3*f, -f + 1 = 4*z - y. List the prime factors of z.
5
Let l(o) = 8*o + 6. Let a be l(-5). Let j = -3 - a. What are the prime factors of j?
31
Let a = 53 + -28. Suppose -2*r + a = -r. What are the prime factors of r?
5
Let f be 1/(-3 + 30/9). Suppose 3*x = 4*m - 9, f*m + 2*x = 21 + 7. List the prime factors of m.
2, 3
Let k = 5 - -3. Let u(n) = 3*n - 3. Let b be u(2). Suppose -i - b = -3*h + k, -i = -2*h + 8. What are the prime factors of h?
3
Suppose 5*y + 13 = j, -2*j + 16 = -2*y + 2*j. Let p be (-1)/y - 45/(-6). Suppose -n + p - 2 = m, 0 = 5*n - 2*m - 16. What are the prime factors of n?
2
Let p(v) = 2*v**2 - 16*v + 11. List the prime factors of p(11).
7, 11
Suppose 4*w = 8*w + 4. Let y be 3/(11 - -1)*-4. List the prime factors of (-2)/y + (-12)/w.
2, 7
Let g be (3 - (-1 + 1)) + 1. What are the prime factors of 1/g + (-255)/(-20)?
13
Let g(i) = -4 - 1 + 3*i + 1. What are the prime factors of g(3)?
5
Let j(a) = a**2 - 9*a. Let s be j(8). Let i be (-4)/10*(s - -3). Let g = i - -3. List the prime factors of g.
5
What are the prime factors of (6/4)/((-1)/(-134))?
3, 67
Suppose 3*m - 22 = -7. Suppose 4*y - m*n = -y + 255, 0 = y - 2*n - 54. What are the prime factors of y?
2, 3
Suppose -3*k + 242 = -2*b, 3*k + b - 6*b - 245 = 0. What are the prime factors of k?
2, 5
Let o be 1/(0 + 3/6). Let m(c) = 3*c - c - c**o + 7 + 3*c. What are the prime factors of m(5)?
7
Let v be 686/22 - (-2)/(-11). Let g = v - 19. What are the prime factors of g?
2, 3
Let w(b) be the first derivative of -9*b**2/2 + 4*b + 3. What are the prime factors of w(-3)?
31
Let a be (3 + -1)/(22/33). What are the prime factors of -1 + -18*a/(-6)?
2
Let j = 9 + 8. Suppose y = 2*y - j. List the prime factors of y.
17
Let z = -46 - -78. Suppose 4*b - 12 = -h + 1, z = 2*h + 2*b. List the prime factors of h.
17
Let v(q) = 23*q**2. Let m = 5 + -4. Let u be v(m). Suppose 4*j - u = 17. What are the prime factors of j?
2, 5
Let n = -148 - -356. What are the prime factors of n?
2, 13
Let j(q) = -q**3 + 2*q**2 - 8*q - 15. List the prime factors of j(-5).
2, 5
Suppose 0 = 3*i + 3*j - 7*j + 27, -5*i - 5*j - 10 = 0. Let s(n) = -5*n - 2. List the prime factors of s(i).
23
Let v(s) = 21*s**2 + 2*s + 1. What are the prime factors of v(-1)?
2, 5
Let s(a) = a - 7. Let c be s(6). Let p be c + -1 + 2 + 8. Let b(u) = -u**3 + 7*u**2 + 9*u - 1. List the prime factors of b(p).
7
Let q = -6 + 11. Suppose 0 = -y + 6*y - h - 13, -q*y - 3*h = -1. What are the prime factors of y?
2
What are the prime factors of (230/69)/(2/18)?
2, 3, 5
Suppose 2*c - 5*f = 4, 4*c - 3*f = 5*c - 2. Let q(x) be the first derivative of x**4/4 - x**2 - x - 1. What are the prime factors of q(c)?
3
List the prime factors of 302*(1/(-2) - -1).
151
Suppose -q - 40 = -8*p + 3*p, -5*p - 5*q + 40 = 0. What are the prime factors of p?
2
Let k(w) = w**3 - 6*w**2 + 6*w - 3. Let v be k(5). Suppose -4 = 2*j + 2*f, j - 4*j = 5*f - v. List the prime factors of 3*(2 - j/9).
2
Suppose -j + 5*t = 11, -4*j - 21 = 3*t - 0*t. Let s = -2 - j. Suppose 0 = p + s*p - 40. What are the prime factors of p?
2
Let r(i) = 8*i**3 - i**2 + 2*i. List the prime factors of r(2).
2
Let t(i) = 4*i**3 - 3*i**2 + i - 1. Let n be t(2). Suppose 3 = 4*d - n. Suppose -5*x + 2*z = -d, -3*x + x + 14 = 5*z. What are the prime factors of x?
2
Suppose 0 = -5*y + 2*t - 3, 3*t + 1 = 2*y - 0*t. Let n be y + (-1)/(-2)*4. Suppose u - n = 4. What are the prime factors of u?
5
Let d(o) = 2*o + 1. Let t be -1*(-4)/2*1. Suppose 3*k = -t*f + 20 - 4, -5*f + 15 = -5*k. What are the prime factors of d(k)?
5
Suppose 3*w - 405 = -0*w. What are the prime factors of w?
3, 5
Let s(y) = 17*y - 5. Let j be s(-5). Let b = -49 - j. List the prime factors of b.
41
Let j(s) = s**2 - 20*s + 25. Let b(a) = -4*a + 5. Let q(c) = -11*b(c) + 2*j(c). What are the prime factors of q(-4)?
11
Let b = -51 - -93. What are the prime factors of b?
2, 3, 7
Suppose j = -b + 18, -2*b - 15 = 3*b. What are the prime factors of j?
3, 7
Let n = 44 - 12. Suppose -6*v + 2*v = -n. What are the prime factors of v?
2
What are the prime factors of (2 - 14/4)/((-24)/896)?
2, 7
Let j(o) = 6*o + 47. What are the prime factors of j(25)?
197
Let j = 48 + -25. What are the prime factors of j?
23
Let g be 10/(1 + 2/2). Let f(a) = 2*a + 1. Let p be f(g). Let u = p + -6. What are the prime factors of u?
5
What are the prime factors of (-12)/(-3)*7/2?
2, 7
Let w be 162/(-24) + 1/(-4). Let i = w - -4. Let l = 15 + i. List the prime factors of l.
2, 3
Let d = 4 + -1. Suppose -4*x = -d*x. Suppose x = -5*m + 4 + 31. List the prime factors of m.
7
Let u be (-8)/4 + 8/2. Suppose -x - u*x = -24. List the prime factors of x.
2
Suppose -2*g = -4*g + 14. Let c(b) = -b**3 + 6*b**2 + 10*b - 7. What are the prime factors of c(g)?
2, 7
Let v = -157 + 242. List the prime factors of v.
5, 17
Suppose -2*v = v. Suppose v = u + 4*u. Suppose u*s - 3*s + r = -9, -s + 3 = 5*r. List the prime factors of s.
3
Suppose i + 3*i = -5*a - 2, -4*i + 3*a = -14. Suppose 7 = -h + i*h. List the prime factors of h.
7
Let l(s) = s**2 - 2*s - 3. Let t = 6 - 0. Let b be l(t). Suppose -26 - b = -5*g - 3*p, p - 49 = -5*g. What are the prime factors of g?
2, 5
Let h be (-1)/(-3) + (-30)/(-18). Suppose -20 = -h*m + 24. List the prime factors of m.
2, 11
Suppose -25 = -3*y + 86. Let z = -15 + y. List the prime factors of z.
2, 11
Let i = 75 + -47. Suppose 3*v + i = 4*v. What are the prime factors of v?
2, 7
Suppose -2*a + 5 = 3*a. Let o = -56 + 60. Let s = o + a. What are the prime factors of s?
5
Let t = -2 - -7. Suppose -t*h + 18 = -92. List the prime factors of h.
2, 11
Suppose -4*p + 5*k = -108, -p + 3*k = -4*p + 108. List the prime factors of p.
2
Let c(p) = 3*p**2 + 7*p + 12. Let s = 3 - 0. Let q(g) = g**2 + 2*g + 4. Let f(o) = s*c(o) - 8*q(o). List the prime factors of f(-5).
2
List the prime factors of (-97)/(-4)*(14 - 10).
97
Let u(h) = -5*h. Let x be u(-1). Let d(i) = -i**2 + 4*i + 7. Let k be d(5). Suppose x*o - 7 = -k, -17 = -4*s - o. List the prime factors of s.
2
Suppose -4*c = -7*c - 6, 3*c + 84 = 3*h. What are the prime factors of h?
2, 13
Let s(t) = -2*t - t + 4*t**2 + 0*t. Let q be s(2). List the prime factors of q*((-4)/2)/(-4).
5
Let t(n) = 2*n**3 - 2*n**2 + 3*n - 2. Let d(l) = -l - 7. Let c be d(-11). Suppose 3*s - c = s. List the prime factors of t(s).
2, 3
Suppose 1 = q - 2. Suppose s + 15 + 11 = 4*p, -4*p - q*s + 18 = 0. Suppose -2*n = -5*n + p. What are the prime factors of n?
2
Suppose 9*z - 679 - 1247 = 0. List the prime factors of z.
2, 107
Suppose -18 + 64 = 2*m. List the prime factors of m.
23
Let a = 17 + 13. Suppose 0 = -3*w - 0*w + a. What are the prime factors of w?
2, 5
Suppose -4*u + 3*u = -23. What are the prime factors of u?
23
Suppose 25 = 2*y - 1. List the prime factors of y - (-12)/4 - 1.
3, 5
Suppose 7*w - 679 + 112 = 0.